g + c = -2*g. List the prime factors of j.
2
Let p = 294 - 174. Suppose 2*l - p = -5*a - 0*a, -5*l - 63 = -4*a. What are the prime factors of a?
2, 11
Suppose 0*s = -7*s. Suppose 0*b - 5*b + 10 = 0. List the prime factors of (s + (-2)/b)*-12.
2, 3
Let o(u) be the first derivative of 8*u**2 - 2*u - 1. Let x be o(2). Suppose 2*d + 10 - x = 0. List the prime factors of d.
2, 5
List the prime factors of 1 + 0 + 5 + 2.
2
Suppose -26*o + 29*o - 276 = 0. List the prime factors of o.
2, 23
Let z(d) = 2*d**3 + 14*d**2 - 16*d + 5. Let p(h) = h**3 + 7*h**2 - 8*h + 3. Let x(c) = 11*p(c) - 6*z(c). List the prime factors of x(-8).
3
What are the prime factors of ((-3)/(-6))/(4/872)?
109
Let y be (-2)/(0 + (-6)/(-15)). Let v(s) = s**3 + 4*s**2 + 2*s + 4. Let f be v(-3). Let w = y + f. What are the prime factors of w?
2
Let m(v) = -v - 13. Let t be m(-10). Let y = t + 13. What are the prime factors of y?
2, 5
Let g(q) = 9*q**3 + q. Let d = -3 + 4. List the prime factors of g(d).
2, 5
Let o = 0 + 1. Let l = o + -1. Suppose -k - 5 = 0, -2*p + k + k + 16 = l. List the prime factors of p.
3
Let r = -3 + 2. Let a = r - 0. Let q(d) = -7*d**3 - 2*d**2 - 2*d - 1. List the prime factors of q(a).
2, 3
Let p = 16 + 89. Suppose 0 = 4*d + d - p. List the prime factors of d.
3, 7
Let u = 430 + -295. What are the prime factors of u?
3, 5
Suppose 0 = -2*k - 2*y + 16 + 42, -2*y = 5*k - 139. What are the prime factors of (-2)/(-9) - (-264)/k?
2, 5
Let m be (-8)/(-3) + 1/3. List the prime factors of -16*(m + (-30)/8).
2, 3
Suppose -3*l + 238 = 2*y, 16 = -2*y - 2*y. Suppose -l = -3*u + 5*f - 3*f, -16 = -4*f. List the prime factors of u.
2, 3, 5
Suppose w - 6 - 23 = 0. Let t = 1 + w. What are the prime factors of t?
2, 3, 5
Let h(d) = d - 5. Let v be h(-7). List the prime factors of (8/v)/(4/(-126)).
3, 7
Suppose 5*u + 4 = 9. Let h be 224/(-2) + 0/u. List the prime factors of 2/(-3) + h/(-6).
2, 3
Let r be (-9)/(((-4)/6)/(-2)). Let x = -10 - r. What are the prime factors of x?
17
Suppose 7 = -v + 1. Suppose -s + 0*s + 14 = -5*j, 4*s + 2*j = -32. List the prime factors of 8/s*81/v.
2, 3
Let x(k) = 4*k**2 - 4*k - 3. Let p be x(-3). What are the prime factors of 9/p - (-49)/5?
2, 5
Suppose 0 = c - 3 - 2. Suppose -2*j = 3*g - 94, -c*g = -0*j - j + 47. What are the prime factors of j?
47
Suppose 0 + 4 = 2*x. Suppose -5*t - 85 = -5*w, x*w = -w - 2*t + 26. List the prime factors of w.
2, 3
Suppose -4*v + 31 = 11. Suppose -3*u = -v*u. What are the prime factors of (-1 + (-16 - u))/(-1)?
17
Suppose 0 + 18 = -2*t. Let x = t - -17. Let m = x + -5. List the prime factors of m.
3
Suppose 2*d - 10 = -n, -n - 3 - 5 = -4*d. Suppose -5 = -n*g + 23. What are the prime factors of g?
7
Let n(l) = 1. Let d(f) = -f**2 + 7*f + 6. Let k(m) = d(m) - 6*n(m). List the prime factors of k(6).
2, 3
Suppose 3 = -q + 14. List the prime factors of q.
11
List the prime factors of 8*81/6 + 2/1.
2, 5, 11
What are the prime factors of (-152)/(-2)*4/8?
2, 19
Let b = 38 + -23. Suppose -3*j + b = -0. Suppose -j*g = 4 - 19, 0 = -f - g + 8. List the prime factors of f.
5
Let c = 13 + -9. Let f = 9 - c. List the prime factors of f.
5
Let j(q) = q**2. Let r be j(2). Suppose 0 = r*t - 5 - 7. What are the prime factors of t?
3
Let k be (-1800)/(-32) - (-2)/(-8). Let y be k/24 + 4/6. Suppose -v + 5*n = -45, 68 + 47 = 5*v - y*n. What are the prime factors of v?
2, 5
Let l be (5/10)/(2/(-20)). Let p = l + 5. Let c(m) = -m**3 - m**2 + m + 11. What are the prime factors of c(p)?
11
Let l = 18 - -32. List the prime factors of l.
2, 5
Suppose 854 + 325 = 9*v. List the prime factors of v.
131
Let b(d) = d**2 - 16*d + 12. Let o be b(16). List the prime factors of 8/o + 82/3.
2, 7
Suppose -3*q = -2*q - 2*h - 2, -q + 5*h + 2 = 0. Let p be 5*q - (2 + -2). Suppose -z + p = z. List the prime factors of z.
5
Suppose -5*b = -284 - 96. What are the prime factors of b?
2, 19
Let v = 139 + 14. What are the prime factors of v?
3, 17
Let b(x) = -x + 1. Let g be b(7). Let s be (-1)/(-2) + (-21)/g. Suppose -18 + 2 = -s*z. List the prime factors of z.
2
Suppose -4*s + 4 = -4*h, 3*s + 0 = 5*h + 1. Suppose -s*n = -0*n. Suppose -f + 13 = -n*f. List the prime factors of f.
13
What are the prime factors of 55/2*((-576)/(-45) + -4)?
2, 11
Let m(x) = x**2 - 3*x + 4. Let h be m(3). Suppose -h*y + 32 = -48. What are the prime factors of y?
2, 5
Suppose 9*n - 5*n = 184. What are the prime factors of n?
2, 23
Let l = -9 - -7. Let d be l/6*-1*6. Suppose 7*h = d*h + 40. List the prime factors of h.
2
Suppose p - 95 = -4*p. Let b = p - 9. List the prime factors of b.
2, 5
Suppose -6*w + w - 10 = 0, -3*g = 3*w + 48. Let y = 31 + g. List the prime factors of y.
17
Suppose -14 + 174 = 4*x. List the prime factors of x.
2, 5
Suppose -3*o - 3 = 51. List the prime factors of 4/(-18) - 886/o.
7
Suppose -t + 4 = -0*t. Let p = t - 6. What are the prime factors of ((-16)/(-2))/(p/(-1))?
2
Suppose 5*i - 4*i - 8 = 0. What are the prime factors of i?
2
Let w = 6 + -1. List the prime factors of w.
5
Let f(c) = 4*c - 9. Let r be f(6). Let z be (r/6 - 3)*0. Suppose -q + z*q + 20 = 0. What are the prime factors of q?
2, 5
Suppose 6*o = 66 + 444. What are the prime factors of o?
5, 17
Let o(j) = 5*j**2 - 8*j - 4*j**3 - 7 + 6*j**3 - j**3. List the prime factors of o(-6).
5
Let m = 41 + -21. Let w = m - 10. List the prime factors of w.
2, 5
Let m be 1*-5*(-4)/10. Suppose m + 0 = y. List the prime factors of y.
2
Let p = 7 + -5. What are the prime factors of 1 + 27/6*p?
2, 5
Suppose 1 = -4*y + 25. Suppose 3*d + 15 = -5*s, s - d = -0*s - 11. List the prime factors of ((-9)/s*y)/1.
3
Let t = 360 + -155. What are the prime factors of t?
5, 41
Suppose 3*p + 9 = 4*i, -2*p + 4 = -4*i + 14. Suppose -5*k - i*s = -36, k - 2 = s + s. What are the prime factors of (-6)/(-2) + k/6?
2
Suppose -2*c + 4*j + 214 = 0, 279 = 4*c + 3*j - 138. List the prime factors of c.
3, 5, 7
Let y = 40 + -21. List the prime factors of y.
19
What are the prime factors of ((-7)/2)/((-6)/12)?
7
Let q(b) = -b**2 + 2*b. Let y be q(2). Let m = 7 - y. List the prime factors of m.
7
What are the prime factors of 6*-3*(-34)/6?
2, 3, 17
Suppose 0*c + c - 8 = 2*s, -5*c = -s - 22. Suppose 45 = w + c*w. What are the prime factors of w?
3
Let t = 22 + 35. List the prime factors of t/(-1)*(-12)/36.
19
List the prime factors of 10*18/(-4)*(-70)/30.
3, 5, 7
Let o be (4/(-3))/(-2)*3. Let l be 0/o + 2 + 2. Let v = l - 1. What are the prime factors of v?
3
Let d = 3 + -1. Let s be (d/(-2 + 0))/(-1). Let a = 3 - s. What are the prime factors of a?
2
Suppose 2*t - 3*t = -3. What are the prime factors of t?
3
Suppose -4*j + c + 2*c + 19 = 0, 5*c + 21 = 4*j. Let g(y) = -y + 3. Let s be g(j). List the prime factors of 3 + 2 + s + 3.
7
Let v(i) = -i**2 - i + 4. Let a be v(0). Suppose -4*b - 3*h + 96 = -2*b, 0 = -4*b - a*h + 188. Let x = b - 30. What are the prime factors of x?
3, 5
Let s(m) = 0 + 2*m**2 + 6 - 2 + 6*m. Suppose 0 = 5*k - k + 16. What are the prime factors of s(k)?
2, 3
Let g = 331 - 216. List the prime factors of g.
5, 23
Let y(q) = 3*q**2 - 4*q. Let h be (-1 - -2)/(11/44). What are the prime factors of y(h)?
2
Let v(a) = a**2 - 4*a - 5. Let c be v(5). Let y be c - (-1 - 15/(-3)). What are the prime factors of (-92)/(-20) + y/(-10)?
5
Suppose 0 = -b - 2*f, f + 1 = 3*b + 6*f. Suppose -28 = -3*s + b*t, 0 = -2*s - 2*s - 3*t + 43. Let l = 5 + s. What are the prime factors of l?
3, 5
Let u = 59 + -121. Let v = -7 + 5. List the prime factors of v/10 + u/(-10).
2, 3
Suppose 0 + 2 = m. Suppose 0 = g - 2*j + 4, 0 = 3*g - 7*g + j - m. Suppose 3*p - 77 + 29 = g. What are the prime factors of p?
2
Let f(j) = j**2 - 4*j + 4. Let p be f(5). List the prime factors of 590/18 - (-2)/p.
3, 11
Suppose 0*d + d - 40 = 0. Let l = d + -19. Suppose -4*o + o = -l. List the prime factors of o.
7
Suppose 9*a = 4*a - 85. Let m(i) = -6*i + 2. Let s be m(2). Let c = s - a. List the prime factors of c.
7
Let k(u) = u - 6*u + 0*u. What are the prime factors of k(-1)?
5
Suppose 4 = 3*x + 7. What are the prime factors of x/(-3 + (-308)/(-104))?
2, 13
Let i(w) = 19*w - 11. What are the prime factors of i(4)?
5, 13
Let l be 2/(-4) - (-41)/2. Suppose 0*g + 4*g - l = 0. What are the prime factors of g?
5
Let w(p) = -2 + 0*p + p + 3*p. Let x be w(3). Suppose 